the remainder when h is divided by 17.
15
Let u = -16 + 28. Let r(x) = -9*x - 1. Let y be r(-1). Let j = y + -3. Calculate the remainder when u is divided by j.
2
Let v(r) = 3*r - 14. Calculate the remainder when v(7) is divided by 5.
2
Let x(z) be the second derivative of -z**5/20 - z**4/12 + 9*z**2/2 + 5*z. Calculate the remainder when x(0) is divided by 4.
1
Suppose -c - 5*j = 0, 2*c - 4*j + 2 = 3*c. Suppose 0*h + h = c. What is the remainder when 172/6 - 1/(-3) is divided by h?
9
Let x(p) = -2*p**3 - 12*p**2 - 12*p - 6. Calculate the remainder when 10 is divided by x(-5).
2
What is the remainder when (66/8)/(-1*2/(-8)) is divided by 12?
9
Let z = 15 + -10. What is the remainder when 8 is divided by z?
3
Let i(v) = v**2 + v - 9. Calculate the remainder when 41 is divided by i(-6).
20
Suppose 2*x = x + 3. Suppose 2*u + x*u - 20 = l, -5*u - 2*l + 5 = 0. What is the remainder when 7 is divided by u?
1
Suppose -2*q - 3*y + 43 = -0*q, 2*y = 6. Calculate the remainder when q is divided by 5.
2
Let t be (-24)/(-14) + 2/7. Suppose 0 = -5*d + 13 + t. Let b = d - -5. What is the remainder when 22 is divided by b?
6
What is the remainder when -1 + 7/(14/162) is divided by 28?
24
What is the remainder when 171/33 - (-4)/(-22) is divided by 1/(-3) - 52/(-12)?
1
Suppose 0 = 3*p - 2*p + 7. Let z = p + 27. Suppose -4*r - 16 = 0, -4*c - 3*r + 4*r + z = 0. Calculate the remainder when c is divided by 2.
0
Suppose 0 = 3*j + 3*h - 2*h - 432, 0 = -2*j - 4*h + 278. Let c = -71 + j. Let t = -53 + c. Calculate the remainder when t is divided by 11.
10
Let l(k) = -3*k + 2. Let h be l(2). Let v be 1 - (22 - (-2 - -3)). Let x = h - v. Calculate the remainder when 46 is divided by x.
14
Suppose 4*m - 6 = -3*t + 57, -4*m - 5*t + 73 = 0. Suppose 2*p + 25 = k, 5*k - p = 39 + 122. Calculate the remainder when k is divided by m.
9
Suppose -3*c = -3*d - 159, 0*d = d. Calculate the remainder when c is divided by 11.
9
Let o = 6 - 1. Calculate the remainder when 33 is divided by o.
3
Suppose 0 = -2*p + 6, -4*p = -3*l - 15 + 69. Let v(q) = -q**2 + 7*q + 4. Calculate the remainder when l is divided by v(7).
2
Suppose 4*c + 2*g = -0*g + 12, 2*g + 13 = c. Suppose 2*y - 82 = -d - 2*d, -5*y = c*d - 135. Let n = d - 13. What is the remainder when 42 is divided by n?
12
Suppose 4*v - 308 = -4*q, -5*q = 3*v - 0*q - 241. Calculate the remainder when v is divided by 15.
12
Suppose -b + 1 = -1. Let v(f) = -2*f - 19. What is the remainder when v(-11) is divided by b?
1
Suppose -5*s - t + 139 = -3*t, 2*s - 5*t - 64 = 0. Calculate the remainder when 80 is divided by s.
26
Calculate the remainder when 14 is divided by 5*10/125 + (-76)/(-10).
6
Suppose -2*a + 30 = d + 2*d, 0 = -4*a - 2*d + 52. Calculate the remainder when 46 is divided by a.
10
Suppose 4*u - 184 = 2*s, 0 = -2*u - s - 0*s + 88. What is the remainder when u is divided by 16?
13
Suppose -g + 0*g = -12. Suppose 0 = c - 2*k - 25, 0 = 6*k - 2*k - 20. Calculate the remainder when c is divided by g.
11
Suppose 3*o + 4*c - c = 15, 3*c = -o + 5. Calculate the remainder when 13 is divided by o.
3
Suppose 5*i = 2*i. Let c(m) = -m**3 - m + 3. Let r be c(0). Suppose i*v + r*v = 63. Calculate the remainder when 62 is divided by v.
20
Calculate the remainder when 76 is divided by 46 + (-12)/(-4) + -8.
35
Suppose o - 36 = -3*u - 97, -3*o = -5*u - 97. Let h = 34 + u. Suppose 2*a - a = 8. Calculate the remainder when h is divided by a.
6
Let s(q) = -3*q - 5. What is the remainder when 19 is divided by s(-5)?
9
What is the remainder when (-43)/(-1 + 2 + -2) is divided by 11?
10
Suppose 0*m - 3*i + 6 = -2*m, 0 = -m + i - 3. What is the remainder when (-3)/(-2)*(-124)/m is divided by 21?
20
Let v = -3 - -11. Let s = v - -6. What is the remainder when 27 is divided by s?
13
Let f = 1 - -11. What is the remainder when 32 is divided by f?
8
Suppose v - q = 6*v - 80, -2*q + 48 = 3*v. Suppose 4*y - 2*y - 2*x = 284, -5*y = 4*x - 710. Let u = y + -81. What is the remainder when u is divided by v?
13
Suppose -3*y = 3*r - 27, r = -y - y + 7. Calculate the remainder when r is divided by 3.
2
Let v(t) be the third derivative of -t**4/12 + 2*t**3 + 7*t**2. Calculate the remainder when 43 is divided by v(-5).
21
Suppose 5*z - 88 = 377. What is the remainder when z is divided by 24?
21
Calculate the remainder when (-1547)/(-52) + (-2)/(-8) is divided by 14.
2
Let i(p) = -p**2 + p + 6. Let k be i(0). Suppose 0 = k*g - 2*g - 148. What is the remainder when g is divided by 13?
11
Suppose 0 = -119*h + 118*h + 51. Calculate the remainder when 201 is divided by h.
48
Calculate the remainder when 38 is divided by (-1 - 12)*4/(-4).
12
Suppose 2*d - 22 = 44. Calculate the remainder when 65 is divided by d.
32
Let g(j) be the third derivative of -j**6/120 - j**5/10 + 7*j**4/24 + 5*j**3/6 + 4*j**2. Calculate the remainder when 12 is divided by g(-7).
2
Suppose -190 = -2*f - f + 4*h, 0 = -2*f + 5*h + 122. Calculate the remainder when f is divided by 17.
15
Suppose 0 = 4*v - 4*w - 88, -26 - 16 = -v - 4*w. Calculate the remainder when 48 is divided by v.
22
Let n = 12 - 0. Calculate the remainder when 36 + (-4)/(24/18) is divided by n.
9
Let y = -174 - -249. Calculate the remainder when y is divided by 19.
18
Let v be 12*(1/(-2) + 1). Suppose 0 = 2*g - 2*r - 16, v*g = g - 4*r + 4. Calculate the remainder when 10 is divided by g.
2
Suppose -4*z - 3*z + 532 = 0. What is the remainder when z is divided by 13?
11
Let v(n) = 11*n + 2. What is the remainder when 1/1*(-2 - -69) is divided by v(3)?
32
Let s(q) = -q**3 - 3*q**2 + 2*q. Calculate the remainder when 17 + -1 + 1 + -2 is divided by s(-4).
7
Suppose 14 = 3*k - 4*k + 2*l, k = 4*l - 24. What is the remainder when 30 is divided by (-6)/(0 - (-3)/k)?
6
Let t = -5 + 20. Let s(v) = v**3 + 3*v**2 - 2*v - 2. Calculate the remainder when t is divided by s(-2).
3
Let p = -38 - -67. Let m(z) = -z**2 + 10*z - 9. What is the remainder when p is divided by m(6)?
14
Let j = 320 - 203. Calculate the remainder when j is divided by 30.
27
Let y(t) = -t**3 + 10*t**2 + 14*t - 14. Let z be y(11). Suppose -z = -3*j + 5. What is the remainder when 23 is divided by j?
7
Let k(z) = z + 13. Let d be k(-8). Suppose -d*t + 52 = -273. Suppose 5*l - 2*i - t = 0, 2*l - i = -2*i + 17. Calculate the remainder when 31 is divided by l.
9
Calculate the remainder when -10*((-15)/(-2))/(-3) is divided by 13.
12
Suppose 0 = -3*m + 2 + 10. Suppose t - m*k - 21 = 0, t - 2*k = -k + 9. Calculate the remainder when (-4)/(-10)*t*1 is divided by 2.
0
Suppose 2*t = 5*a - 0*a - 9, -a + t = 0. What is the remainder when 8 is divided by a?
2
Let v = 18 - 13. Suppose l + 4*g - 35 = 16, v*g = 2*l - 37. What is the remainder when l is divided by 8?
7
Suppose -61 = -4*c - 6*p + p, -5*c - 2*p + 55 = 0. Let u be (-66)/9 + (-3)/(-9). Let b = c + u. What is the remainder when 3 is divided by b?
1
Suppose 0 = 3*u + 3*d - d - 22, -2*u + 33 = 5*d. Suppose 0*t = 4*r + 3*t - 47, -u*t = -5*r + 82. What is the remainder when r is divided by 8?
6
Suppose 2*m + 2 = 3*j + 3, 0 = -m - 3*j + 14. Suppose -4*o = -0*o + g - 134, -o = m*g - 43. Calculate the remainder when 42 is divided by 1/(3/o - 0).
9
Suppose -17 = 5*g + k, 5*g - k + 9 = 2*k. Let h(l) = l**3 - l**2 - 4*l - 4. Let m be h(3). What is the remainder when 16 is divided by 7 - (m - 4 - g)?
4
Let k be 825/9 - (-1)/3. Suppose -q + z + 30 = 0, -3*q + z = -3*z - k. Calculate the remainder when 41 is divided by (q/6)/(2/6).
13
Let o(i) = i**2 - 6*i - 5. Let s(n) = -3*n + 2. Let z be s(-2). What is the remainder when 41 is divided by o(z)?
8
Let z be (-5)/(-5)*(-1 + 4). Suppose 7*y = -4*q + z*y - 8, 0 = -4*q - 2*y - 14. Let w = -1 - q. What is the remainder when 11 is divided by w?
3
Let w(i) = -2*i - 18. Suppose 2*c = -3*v + 103, 2*c + 132 = 5*c - 3*v. Suppose -5*l = c + 13. What is the remainder when w(l) is divided by 3?
0
Suppose -5*r = 4*k - 11, 2*k + 2*r + 10 = 4*k. Suppose 3*a = 2*l - 66, -l - k*l + 151 = -4*a. What is the remainder when l is divided by 14?
13
Let r = 10 - 6. Let g be r/6*(-6)/(-4). Suppose -p = p + 3*q - 11, 0 = q + g. What is the remainder when p is divided by 3?
1
Let o(b) = b + 19. What is the remainder when 48 is divided by o(-9)?
8
Let n be 4/14 + (-4)/14. Suppose -4*g + 3 + 13 = 0. What is the remainde